12*c + 40 = -4*m, 36 = 3*c + 2*m. Suppose 45 = 5*a - 5*r, -17 = -3*a + r + c. Let u = 77 + 0. What is the greatest common divisor of u and a?
11
Let f = 48 - 32. Let w be (-7256)/(-30) + 18/135. Let j = -114 + w. What is the greatest common divisor of f and j?
16
Suppose -125*u + 13920 + 10376 = 9671. Calculate the highest common divisor of 9984 and u.
39
Suppose d + 5*x - 1060 = 0, -3*d - 9*x = -13*x - 3142. What is the greatest common divisor of d and 90?
30
Let f be 8/(-20) - -4*31/10. Let v(g) = -14*g - 2. Let o be v(-4). What is the highest common divisor of o and f?
6
Let y(d) = 36*d - 18 - 4 - 9*d + 22*d**2 - d**3. Let v be ((-24 + 10)/7 + -21)*-1. Let g be y(v). Calculate the highest common factor of 28 and g.
14
Suppose 0 = v + 5*u + 7, -3*v + 2*u + 0 = -47. Suppose -4*t + 1048 = 5*b, 6*t - 3*t = 2*b - 410. Calculate the greatest common factor of v and b.
13
Let g be -7 + 3 + 2 + -309. Let w = g - -325. What is the greatest common divisor of w and 224?
14
Suppose 0 = 4*y - 2 - 22. Suppose -y*b + 712 = -68. What is the highest common divisor of 10 and b?
10
Suppose r + 37 = 5*j, 28 = 5*j - 2*r - 2*r. Let s be (-2616)/(-36) - 2/3. Calculate the greatest common divisor of j and s.
8
Let t(p) = p - 8. Let m be t(13). Let r be 18156/238 - m/((-35)/(-2)). What is the greatest common divisor of r and 608?
76
Suppose -56*p = -7*p - 5439. Calculate the highest common factor of 1443 and p.
111
Suppose 15 = -2*w - 61. Let o = w + 68. Suppose -8*z - 180 = -31*z + 17*z. What is the highest common divisor of z and o?
30
Let l = -4827 + 4841. Suppose 5*v = 4*m - 737, -2*v = -3*m + 2*v + 552. Let n = 314 - m. Calculate the greatest common factor of l and n.
14
Suppose -19591 - 43784 = 61*u - 136*u. Calculate the greatest common divisor of 55 and u.
5
Suppose -199*c + 198*c - 600 = 0. Let r = c + 885. Calculate the greatest common factor of r and 45.
15
Let h(f) = 5*f - 5*f + 23 + 3 + 3*f. Let p be h(-8). Suppose -3*k - 2*k = -3*r + 117, p*r = 2*k + 82. What is the highest common divisor of r and 66?
22
Suppose -8*k - 743 = -4263. Calculate the greatest common factor of 1870 and k.
110
Let p = 156 + -149. Suppose -p*d = -8*d + 13. Let s(g) = 2*g**2 + 4*g - 3. Let b be s(2). Calculate the greatest common divisor of d and b.
13
Suppose -4*o + 458 = -2*n, 4*o + 20 = -0. Let h = -227 - n. Let x be 244/10 + 2/(-5). What is the highest common divisor of x and h?
12
Let a = 32 + -12. Let b = 32 - 56. Let w be (-2 - 1)/(b/320). What is the highest common factor of w and a?
20
Let b(n) = 2*n + 5*n + 0*n - 3 - 3. Let u be b(2). Let c be 507/52 + (-6)/u. What is the highest common divisor of c and 36?
9
Let p(v) = -93*v - 418. Let s be p(-27). What is the greatest common factor of 91 and s?
91
Let q = -277 + 282. Suppose 6*n - 13 = q*n - k, 4*k = -20. What is the highest common factor of n and 306?
18
Let c be 0/4 + 2 + (-798)/7. Let u = 98 - c. What is the highest common factor of u and 120?
30
Let r = -406 + 402. Let w be (r + -1)*(-3)/(-105)*-7. Calculate the highest common divisor of 1 and w.
1
Suppose 208*k = -11*k + 17082. What is the greatest common factor of 23088 and k?
78
Let p = 31 + -17. Let g(r) = -10*r - 7. Let t be g(-1). Let i = t + p. What is the highest common factor of 85 and i?
17
Let i(b) = 47*b**2 - 10*b - 12. Let p = -222 + 228. Let c be i(p). What is the highest common divisor of 45 and c?
45
Suppose -16*l - 1 + 33 = 0. Suppose 28 = -l*c + 34. What is the highest common divisor of c and 4?
1
Suppose 63 = -25*x + 563. What is the greatest common factor of 1940 and x?
20
Suppose -s - p + 507 = 0, -5*p = 4*s - 6*p - 2053. What is the highest common factor of s and 288?
32
Let k be (-16)/12*18/4. Suppose 5*o = j - 46, 2*j - 38 = 3*o + 4*j. Let q be (-4 - o)*((-16)/k)/2. Calculate the greatest common factor of q and 4.
4
Let z be 11*(489/33 - 14). Calculate the highest common factor of z and 21.
3
Let k(s) = s**3 + 8*s**2 + 15*s + 80. Suppose 6*j - 4*j = -14. Let f be k(j). Calculate the greatest common factor of f and 204.
12
Suppose 0 = 5*c - 3*q - 131, q = -5*c - q + 121. Let w = c - 31. Let f(m) = -6*m - 18. Let v be f(w). Calculate the greatest common factor of 54 and v.
18
Suppose -4*i = j - 79, -i - 14 = -5*j - 18. Suppose -h = 2*h - 2*d - 521, -2*h + 338 = d. Calculate the highest common factor of i and h.
19
Let m(y) = 23*y**2 + 8*y + 4. Let d be m(-5). Suppose 469 + d = 6*u. What is the highest common factor of 21 and u?
21
Suppose -96*s + 4046 = 23*s. What is the highest common factor of 134 and s?
2
Suppose 710 - 705 = 44*v - 391. Let t(o) = o**3 - 2*o**2 - 6*o + 9. Suppose 6*j - 4*j = 12. Let s be t(j). What is the greatest common divisor of s and v?
9
Suppose 39*u - 17771 = 185029. What is the highest common divisor of 40 and u?
40
Suppose 9 - 27 = -3*c. Let l be (30 - 0 - -1) + 4. Suppose -l = -13*k + 69. What is the highest common divisor of k and c?
2
Let q(m) = -2*m**2 + 13*m - 2. Suppose 0 = 3*n + o - 19, 7*o - 5 = 2*o. Let h be q(n). Let y = h - -52. Calculate the greatest common factor of y and 84.
28
Let d(g) = g**3 - 5*g**2 + g + 17. Let h be d(5). Let t = -18 - -19. Suppose 5*a - t = 109. What is the greatest common factor of a and h?
22
Let h(i) = 48*i**2 + 24*i + 39. Let t be h(5). Calculate the highest common factor of 225 and t.
9
Suppose 0 = -5*a + 6*l + 60, -5*a = -100*l + 99*l - 60. Let z be (-1 - -3) + 2 + 20. Calculate the greatest common factor of z and a.
12
Suppose -k + 157 + 41 = 0. Let x = -307 + 325. Calculate the highest common factor of k and x.
18
Let s be (-281)/(-8) - 14/112. Let u = -26 + s. Let p = 78 - -39. What is the greatest common factor of p and u?
9
Suppose -242*u = -237*u - 55. Calculate the greatest common factor of 19 and u.
1
Let i(v) = v + 80. Suppose 21*g = 5*g - 192. Let t be i(g). What is the greatest common factor of t and 8?
4
Suppose 2*v - 41 = -31. Suppose 0*r = 5*k + 4*r + 16, -v*k + 4*r + 16 = 0. Let p(l) = -2*l + 10. Let f be p(k). What is the highest common factor of f and 5?
5
Suppose -2*d - 3*u = -1025 - 47, 4*d - 2126 = 3*u. Suppose 773*v + 736*v + 4551 = 1546*v. What is the greatest common factor of v and d?
41
Suppose -18*y - 64 = -34*y. Suppose -4*q = l - 44, 0*l + 300 = 5*l + y*q. What is the highest common factor of 832 and l?
64
Let c(f) = 94*f + 253*f**2 - 24*f + 3 - 28*f - 19*f - 26*f. Let k be 2/(-4) - (-6)/4. Let y be c(k). Calculate the highest common divisor of y and 23.
23
Let r be (-5 - -7)/((-1)/3). Let w(c) = 4*c**2 + 7*c + 6. Let m be w(r). Suppose -m = -3*n + n. Calculate the highest common factor of n and 18.
18
Let q = -473 - -255. Let l be q/(-10) - 2/(-10). Suppose 13*h - 290 = l. What is the greatest common factor of h and 6?
6
Suppose 4*p + 2*g - 16 = 0, -5*p - 4*g = -6*g - 20. Let t be (114/4)/(p/56). What is the highest common factor of 42 and t?
21
Let n = -222 + 276. Suppose 2*z + 5*m = -3, -6*z + 24 = -z + 2*m. Let o = n - z. What is the greatest common divisor of 120 and o?
24
Let m = 181 + -175. Let w(t) = -t**3 + 5*t**2 + 17*t - 57. Let f be w(m). Suppose 0*o + o = 81. Calculate the greatest common divisor of f and o.
9
Let c be 3762/(-228)*(-7)/3*2. Calculate the highest common divisor of c and 5621.
77
Suppose 19*b - 18*b - 3*z = 47, 0 = 4*z + 16. Calculate the highest common divisor of 28945 and b.
35
Let y(c) = 3*c**3 + 5*c**2 - 3*c - 1. Let p be y(1). Let s be 2/p*(158 - 28). Calculate the greatest common divisor of s and 52.
13
Let u(h) = -2090*h**3 + h**2 - h - 2. Let j be u(-1). Suppose 389 = n + 5*v, j = 5*n - 14*v + 10*v. Calculate the highest common factor of 46 and n.
46
Suppose -4*m + 960 = -4*t, -2*m - 3*t = -82 - 398. Suppose m = 5*l + 3*l. What is the highest common divisor of 40 and l?
10
Suppose -5*h - 121 = -8*x + 34, 4*h = -4*x + 84. Calculate the greatest common divisor of x and 465.
5
Let s(b) = -32*b - 270. Let y be s(-9). Calculate the greatest common divisor of y and 528.
6
Let s be 165/15 + -17 + 8. Calculate the highest common factor of 694 and s.
2
Let p = 4525 + -4240. What is the highest common divisor of 4731 and p?
57
Suppose 0 = 5*w + x - 158, -4*w + x + 121 = -9. Let i be 1*(-30)/(1 + 5). Let l be -8*i*5/(50/w). Calculate the greatest common factor of l and 16.
16
Let c = -320 - -194. Let f = 173 - c. C